{"id":60,"date":"2020-03-16T22:22:48","date_gmt":"2020-03-16T21:22:48","guid":{"rendered":"https:\/\/spprzyjma.edu.pl\/?page_id=60"},"modified":"2026-01-27T11:10:28","modified_gmt":"2026-01-27T10:10:28","slug":"przedszkole","status":"publish","type":"page","link":"https:\/\/spprzyjma.edu.pl\/index.php\/przedszkole\/","title":{"rendered":"Przedszkole"},"content":{"rendered":"\n<p><strong>PRZEDSZKOLE JEST CZYNNE <\/strong>od godz. 7.30-15.00<\/p>\n\n\n\n<p><strong>PODR\u0118CZNIKI DO RELIGII DLA PRZEDSZKOLA W ROKU SZKOLNYM 2025\/202<\/strong>6<br>Podr\u0119cznik do religii dla dzieci sze\u015bcioletnich :<strong>&nbsp;&#8222;Tak! Jezus mnie kocha&#8221;.<\/strong>&nbsp;<br>Autorzy: El\u017cbieta Kondrak, Dariusz Kurpi\u0144ski, Jerzy Snopek<br>Rok wydania 2023<br>Nazwa programu:<strong>&nbsp;&#8222;Tak dla Jezusa&#8221;.<\/strong><br>Autorzy: ks. dr Karol Zegan, El\u017cbieta Kondrak, Bogus\u0142aw Nosek<br>Numer programu: <strong>AZ-0-01\/20<\/strong><br>Podr\u0119cznik do religii dla dzieci trzyletnich:<strong>&nbsp;&#8222;Radosne dzieci Bo\u017ce&#8221;.<\/strong><br>Autorzy: Jerzy Snopek, Dariusz Kurpi\u0144ski.<br>Rok wydania 2023<br>Podr\u0119cznik do religii dla dzieci czteroletnich: <strong>&#8222;\u015awiat dziecka Bo\u017cego&#8221;.<\/strong><br>Autorzy: Dariusz Kurpi\u0144ski, Jerzy Snopek<br>Rok wydania 2022<br>Nazwa programu:<strong>&nbsp;&#8222;Kochamy dobrego Boga&#8221;.<\/strong><br>Autor: Komisja Wychowania Katolickiego KEP.<br>Numer programu: <strong>AZ-0-01\/10<\/strong><br>Podr\u0119cznik do nauczania religii dla dzieci pi\u0119cioletnich: &#8222;<strong>Tak! Jestem przyjacielem Jezusa&#8221;, <\/strong>zgodny z programem nauczania <strong>&#8222;TAK dla Jezusa&#8221;,<\/strong>&nbsp;numer <strong>AZ-0-01\/20<\/strong>&nbsp;z dnia 28.01.2020<\/p>\n\n\n\n<p><\/p>\n\n\n\n<p><\/p>\n","protected":false},"excerpt":{"rendered":"<p>PRZEDSZKOLE JEST CZYNNE od godz. 7.30-15.00 PODR\u0118CZNIKI DO RELIGII DLA PRZEDSZKOLA W ROKU SZKOLNYM 2025\/2026Podr\u0119cznik do religii dla dzieci sze\u015bcioletnich :&nbsp;&#8222;Tak! Jezus mnie kocha&#8221;.&nbsp;Autorzy: El\u017cbieta&hellip;<\/p>\n","protected":false},"author":1,"featured_media":0,"parent":0,"menu_order":0,"comment_status":"closed","ping_status":"closed","template":"","meta":{"footnotes":""},"_links":{"self":[{"href":"https:\/\/spprzyjma.edu.pl\/index.php\/wp-json\/wp\/v2\/pages\/60"}],"collection":[{"href":"https:\/\/spprzyjma.edu.pl\/index.php\/wp-json\/wp\/v2\/pages"}],"about":[{"href":"https:\/\/spprzyjma.edu.pl\/index.php\/wp-json\/wp\/v2\/types\/page"}],"author":[{"embeddable":true,"href":"https:\/\/spprzyjma.edu.pl\/index.php\/wp-json\/wp\/v2\/users\/1"}],"replies":[{"embeddable":true,"href":"https:\/\/spprzyjma.edu.pl\/index.php\/wp-json\/wp\/v2\/comments?post=60"}],"version-history":[{"count":26,"href":"https:\/\/spprzyjma.edu.pl\/index.php\/wp-json\/wp\/v2\/pages\/60\/revisions"}],"predecessor-version":[{"id":9002,"href":"https:\/\/spprzyjma.edu.pl\/index.php\/wp-json\/wp\/v2\/pages\/60\/revisions\/9002"}],"wp:attachment":[{"href":"https:\/\/spprzyjma.edu.pl\/index.php\/wp-json\/wp\/v2\/media?parent=60"}],"curies":[{"name":"wp","href":"https:\/\/api.w.org\/{rel}","templated":true}]}}