{"id":48,"date":"2020-03-16T22:20:31","date_gmt":"2020-03-16T21:20:31","guid":{"rendered":"https:\/\/spprzyjma.edu.pl\/?page_id=48"},"modified":"2023-12-11T18:15:25","modified_gmt":"2023-12-11T17:15:25","slug":"patron","status":"publish","type":"page","link":"https:\/\/spprzyjma.edu.pl\/index.php\/patron\/","title":{"rendered":"Patron"},"content":{"rendered":"\n<p> Pismem z dnia 20 lipca 1968 roku nr 1b 19 a\/18\/68 Kuratorium Okr\u0119gu Szkolnego Pozna\u0144skiego nada\u0142o Szkole Podstawowej w Przyjmie nazw\u0119: Szko\u0142a   Podstawowa im. Marii Sk\u0142odowskiej-Curie     w Przyjmie, tym samym szko\u0142a zyska\u0142a patrona w postaci s\u0142ynnej chemiczki.\u00a0<\/p>\n\n\n\n<p>Maria Salomea Sk\u0142odowska -Curie   urodzi\u0142a si\u0119 1867 roku w     Warszawie. W\u00a01891 roku wyjecha\u0142a z Kr\u00f3lestwa Polskiego do Pary\u017ca, gdzie podj\u0119\u0142a studia na Sorbonie. Tam te\u017c rozwin\u0119\u0142a swoj\u0105 karier\u0119 naukow\u0105. Do jej dokona\u0144 nale\u017c\u0105: rozwini\u0119cie teorii promieniotw\u00f3rczo\u015bci, technik    rozdzielania izotop\u00f3w promieniotw\u00f3rczych oraz odkrycie dw\u00f3ch nowych pierwiastk\u00f3w \u2013 radu i polonu. Z jej inicjatywy    prowadzono tak\u017ce badania nad leczeniem raka za pomoc\u0105 promieniotw\u00f3rczo\u015bci.<\/p>\n\n\n\n<p>Nagrod\u0105 Nobla zosta\u0142a wyr\u00f3\u017cniona po raz pierwszy w 1903 \u2013 z fizyki, wraz   z m\u0119\u017cem Pierre\u2019em Curie i z Henrim Becquerelem, za badania nad odkrytym przez Becquerela zjawiskiem promieniotw\u00f3rczo\u015bci. Po raz drugi zosta\u0142a nagrodzona w 1911 \u2013 z chemii za odkrycie   polonu i radu,     wydzielenie     czystego radu i badanie w\u0142a\u015bciwo\u015bci chemicznych pierwiastk\u00f3w promieniotw\u00f3rczych. Nale\u017cy do grona jedynie czterech os\u00f3b, kt\u00f3ry otrzyma\u0142y Nagrod\u0119 Nobla wi\u0119cej ni\u017c raz.    W\u015br\u00f3d nich jest     jedn\u0105 z dw\u00f3ch, kt\u00f3re otrzyma\u0142y nagrody w\u00a0r\u00f3\u017cnych dyscyplinach. W tej czw\u00f3rce jest te\u017c jedyn\u0105 kobiet\u0105 oraz jedynym uczonym uhonorowanym w dw\u00f3ch r\u00f3\u017cnych naukach przyrodniczych.\u00a0<\/p>\n\n\n\n<p>&nbsp;&nbsp;&nbsp; \u015awi\u0119to Patrona obchodzone jest w naszej szkole w dzie\u0144 urodzin Marii Sk\u0142odowskiej -Curie, czyli 7 listopada.<\/p>\n","protected":false},"excerpt":{"rendered":"<p>Pismem z dnia 20 lipca 1968 roku nr 1b 19 a\/18\/68 Kuratorium Okr\u0119gu Szkolnego Pozna\u0144skiego nada\u0142o Szkole Podstawowej w Przyjmie nazw\u0119: Szko\u0142a Podstawowa im. Marii&hellip;<\/p>\n","protected":false},"author":1,"featured_media":0,"parent":0,"menu_order":0,"comment_status":"closed","ping_status":"closed","template":"","meta":{"footnotes":""},"_links":{"self":[{"href":"https:\/\/spprzyjma.edu.pl\/index.php\/wp-json\/wp\/v2\/pages\/48"}],"collection":[{"href":"https:\/\/spprzyjma.edu.pl\/index.php\/wp-json\/wp\/v2\/pages"}],"about":[{"href":"https:\/\/spprzyjma.edu.pl\/index.php\/wp-json\/wp\/v2\/types\/page"}],"author":[{"embeddable":true,"href":"https:\/\/spprzyjma.edu.pl\/index.php\/wp-json\/wp\/v2\/users\/1"}],"replies":[{"embeddable":true,"href":"https:\/\/spprzyjma.edu.pl\/index.php\/wp-json\/wp\/v2\/comments?post=48"}],"version-history":[{"count":4,"href":"https:\/\/spprzyjma.edu.pl\/index.php\/wp-json\/wp\/v2\/pages\/48\/revisions"}],"predecessor-version":[{"id":3970,"href":"https:\/\/spprzyjma.edu.pl\/index.php\/wp-json\/wp\/v2\/pages\/48\/revisions\/3970"}],"wp:attachment":[{"href":"https:\/\/spprzyjma.edu.pl\/index.php\/wp-json\/wp\/v2\/media?parent=48"}],"curies":[{"name":"wp","href":"https:\/\/api.w.org\/{rel}","templated":true}]}}