{"id":143,"date":"2020-03-16T22:39:10","date_gmt":"2020-03-16T21:39:10","guid":{"rendered":"https:\/\/spprzyjma.edu.pl\/?page_id=143"},"modified":"2025-09-24T11:36:52","modified_gmt":"2025-09-24T09:36:52","slug":"lektury-obowiazkowe","status":"publish","type":"page","link":"https:\/\/spprzyjma.edu.pl\/index.php\/lektury-obowiazkowe\/","title":{"rendered":"Egzamin klas \u00f3smych"},"content":{"rendered":"\n<p>W roku szkolnym 2025\/2026 egzaminy klas \u00f3smych odb\u0119d\u0105 si\u0119 w dniach od 11-13 maja 2026 r.<\/p>\n\n\n\n<ul>\n<li>11 maja o godz. 9.00 egzamin z j\u0119zyka polskiego<\/li>\n\n\n\n<li>12 maja o godz. 9.00 egzamin z matematyki<\/li>\n\n\n\n<li>13 maja o godz. 9.00 egzamin z j\u0119zyka angielskiego<\/li>\n<\/ul>\n\n\n\n<p>Wyniki egzaminu \u00f3smoklasisty zostan\u0105 og\u0142oszone 3 lipca 2026 r.<\/p>\n\n\n\n<p><strong>Czas trwania egzaminu \u00f3smoklasisty z poszczeg\u00f3lnych przedmiot\u00f3w<\/strong><\/p>\n\n\n\n<figure class=\"wp-block-table\"><table><thead><tr><th scope=\"col\">Przedmiot<\/th><th scope=\"col\">Arkusz standardowy<\/th><th scope=\"col\">Arkusz z dostosowaniem<\/th><\/tr><\/thead><tbody><tr><td>J\u0119zyk polski<\/td><td>&nbsp;150 minut<\/td><td>do 225 minut<\/td><\/tr><tr><td>Matematyka<\/td><td>125 minut<\/td><td>do 190 minut<\/td><\/tr><tr><td>J\u0119zyk obcy nowo\u017cytny<\/td><td>110 minut<\/td><td>do 165 minut<\/td><\/tr><\/tbody><\/table><\/figure>\n\n\n\n<p>Jak radzi\u0107 sobie ze stresem egzaminacyjnym?<\/p>\n\n\n\n<p><a href=\"https:\/\/cke.gov.pl\/images\/_EGZAMIN_OSMOKLASISTY\/20220425%20E8%20Jak%20radzi%C4%87%20sobie%20ze%20stresem%20egzaminacyjnym.pdf\">https:\/\/cke.gov.pl\/images\/_EGZAMIN_OSMOKLASISTY\/20220425%20E8%20Jak%20radzi%C4%87%20sobie%20ze%20stresem%20egzaminacyjnym.pdf<\/a><\/p>\n\n\n\n<p> PRZYK\u0141ADOWE ARKUSZE EGZAMINACYJNE: <\/p>\n\n\n\n<p><a href=\"https:\/\/www.oke.poznan.pl\/cms,5264,arkusze.htm\">https:\/\/www.oke.poznan.pl\/cms,5264,arkusze.htm<\/a><\/p>\n","protected":false},"excerpt":{"rendered":"<p>W roku szkolnym 2025\/2026 egzaminy klas \u00f3smych odb\u0119d\u0105 si\u0119 w dniach od 11-13 maja 2026 r. Wyniki egzaminu \u00f3smoklasisty zostan\u0105 og\u0142oszone 3 lipca 2026 r.&hellip;<\/p>\n","protected":false},"author":1,"featured_media":0,"parent":0,"menu_order":0,"comment_status":"closed","ping_status":"closed","template":"","meta":{"footnotes":""},"_links":{"self":[{"href":"https:\/\/spprzyjma.edu.pl\/index.php\/wp-json\/wp\/v2\/pages\/143"}],"collection":[{"href":"https:\/\/spprzyjma.edu.pl\/index.php\/wp-json\/wp\/v2\/pages"}],"about":[{"href":"https:\/\/spprzyjma.edu.pl\/index.php\/wp-json\/wp\/v2\/types\/page"}],"author":[{"embeddable":true,"href":"https:\/\/spprzyjma.edu.pl\/index.php\/wp-json\/wp\/v2\/users\/1"}],"replies":[{"embeddable":true,"href":"https:\/\/spprzyjma.edu.pl\/index.php\/wp-json\/wp\/v2\/comments?post=143"}],"version-history":[{"count":34,"href":"https:\/\/spprzyjma.edu.pl\/index.php\/wp-json\/wp\/v2\/pages\/143\/revisions"}],"predecessor-version":[{"id":8364,"href":"https:\/\/spprzyjma.edu.pl\/index.php\/wp-json\/wp\/v2\/pages\/143\/revisions\/8364"}],"wp:attachment":[{"href":"https:\/\/spprzyjma.edu.pl\/index.php\/wp-json\/wp\/v2\/media?parent=143"}],"curies":[{"name":"wp","href":"https:\/\/api.w.org\/{rel}","templated":true}]}}