{"id":140,"date":"2020-03-16T22:38:48","date_gmt":"2020-03-16T21:38:48","guid":{"rendered":"https:\/\/spprzyjma.edu.pl\/?page_id=140"},"modified":"2020-10-15T22:41:04","modified_gmt":"2020-10-15T20:41:04","slug":"e-dziennik","status":"publish","type":"page","link":"https:\/\/spprzyjma.edu.pl\/index.php\/e-dziennik\/","title":{"rendered":"e-dziennik"},"content":{"rendered":"\n<figure class=\"wp-block-image size-large\"><a href=\"https:\/\/przyjma.files.wordpress.com\/2018\/11\/dziennik_elektroniczny-instrukcja-dla-rodzicc3b3w1.pdf\" target=\"_blank\" rel=\"noreferrer noopener\"><img loading=\"lazy\" decoding=\"async\" width=\"170\" height=\"214\" src=\"https:\/\/spprzyjma.edu.pl\/wp-content\/uploads\/2020\/08\/uonet-dostep-do-edziennika.png\" alt=\"\" class=\"wp-image-288\"\/><\/a><\/figure>\n\n\n\n<figure class=\"wp-block-image size-large\"><a href=\"https:\/\/youtu.be\/1l8XhJapnKg\" target=\"_blank\" rel=\"noreferrer noopener\"><img loading=\"lazy\" decoding=\"async\" width=\"170\" height=\"214\" src=\"https:\/\/spprzyjma.edu.pl\/wp-content\/uploads\/2020\/08\/uonet-obejrzyj-filmy.png\" alt=\"\" class=\"wp-image-289\"\/><\/a><\/figure>\n\n\n\n<figure class=\"wp-block-image size-large\"><a href=\"https:\/\/uonetplus.vulcan.net.pl\/gminagolina\" target=\"_blank\" rel=\"noreferrer noopener\"><img loading=\"lazy\" decoding=\"async\" width=\"170\" height=\"214\" src=\"https:\/\/spprzyjma.edu.pl\/wp-content\/uploads\/2020\/08\/uonet-zaloguj-sie.png\" alt=\"\" class=\"wp-image-290\"\/><\/a><\/figure>\n\n\n\n<p>Je\u015bli masz jakiekolwiek problemy z dost\u0119pem do e-dziennika skontaktuj si\u0119 z wychowawc\u0105 b\u0105d\u017a administratorem dziennika. Mail do administratora to <a href=\"mailto:mziemniczak@spprzyjma.edu.pl\">mziemniczak@spprzyjma.edu.pl<\/a> <\/p>\n","protected":false},"excerpt":{"rendered":"<p>Je\u015bli masz jakiekolwiek problemy z dost\u0119pem do e-dziennika skontaktuj si\u0119 z wychowawc\u0105 b\u0105d\u017a administratorem dziennika. Mail do administratora to mziemniczak@spprzyjma.edu.pl<\/p>\n","protected":false},"author":1,"featured_media":0,"parent":0,"menu_order":0,"comment_status":"closed","ping_status":"closed","template":"","meta":{"footnotes":""},"_links":{"self":[{"href":"https:\/\/spprzyjma.edu.pl\/index.php\/wp-json\/wp\/v2\/pages\/140"}],"collection":[{"href":"https:\/\/spprzyjma.edu.pl\/index.php\/wp-json\/wp\/v2\/pages"}],"about":[{"href":"https:\/\/spprzyjma.edu.pl\/index.php\/wp-json\/wp\/v2\/types\/page"}],"author":[{"embeddable":true,"href":"https:\/\/spprzyjma.edu.pl\/index.php\/wp-json\/wp\/v2\/users\/1"}],"replies":[{"embeddable":true,"href":"https:\/\/spprzyjma.edu.pl\/index.php\/wp-json\/wp\/v2\/comments?post=140"}],"version-history":[{"count":6,"href":"https:\/\/spprzyjma.edu.pl\/index.php\/wp-json\/wp\/v2\/pages\/140\/revisions"}],"predecessor-version":[{"id":792,"href":"https:\/\/spprzyjma.edu.pl\/index.php\/wp-json\/wp\/v2\/pages\/140\/revisions\/792"}],"wp:attachment":[{"href":"https:\/\/spprzyjma.edu.pl\/index.php\/wp-json\/wp\/v2\/media?parent=140"}],"curies":[{"name":"wp","href":"https:\/\/api.w.org\/{rel}","templated":true}]}}