{"id":137,"date":"2020-03-16T22:38:21","date_gmt":"2020-03-16T21:38:21","guid":{"rendered":"https:\/\/spprzyjma.edu.pl\/?page_id=137"},"modified":"2025-10-09T10:42:35","modified_gmt":"2025-10-09T08:42:35","slug":"podreczniki","status":"publish","type":"page","link":"https:\/\/spprzyjma.edu.pl\/index.php\/podreczniki\/","title":{"rendered":"Podr\u0119czniki i \u0107wiczenia"},"content":{"rendered":"\n<p>SZKOLNY ZESTAW&nbsp;&nbsp;PODR\u0118CZNIK\u00d3W I MATERIA\u0141\u00d3W \u0106WICZENIOWYCH&nbsp; &nbsp;<br><strong>na rok szkolny 2025 \/ 2026<\/strong>&nbsp;&nbsp;<\/p>\n\n\n\n<p><\/p>\n\n\n\n<p><\/p>\n\n\n\n<div class=\"wp-block-file\"><a id=\"wp-block-file--media-8d557405-41b6-450e-bb82-46e0f213b6f8\" href=\"https:\/\/spprzyjma.edu.pl\/wp-content\/uploads\/2025\/10\/podreczniki-1.docx\">podreczniki-1<\/a><a href=\"https:\/\/spprzyjma.edu.pl\/wp-content\/uploads\/2025\/10\/podreczniki-1.docx\" class=\"wp-block-file__button wp-element-button\" download aria-describedby=\"wp-block-file--media-8d557405-41b6-450e-bb82-46e0f213b6f8\">Pobierz<\/a><\/div>\n","protected":false},"excerpt":{"rendered":"<p>SZKOLNY ZESTAW&nbsp;&nbsp;PODR\u0118CZNIK\u00d3W I MATERIA\u0141\u00d3W \u0106WICZENIOWYCH&nbsp; &nbsp;na rok szkolny 2025 \/ 2026&nbsp;&nbsp;<\/p>\n","protected":false},"author":1,"featured_media":0,"parent":0,"menu_order":0,"comment_status":"closed","ping_status":"closed","template":"","meta":{"footnotes":""},"_links":{"self":[{"href":"https:\/\/spprzyjma.edu.pl\/index.php\/wp-json\/wp\/v2\/pages\/137"}],"collection":[{"href":"https:\/\/spprzyjma.edu.pl\/index.php\/wp-json\/wp\/v2\/pages"}],"about":[{"href":"https:\/\/spprzyjma.edu.pl\/index.php\/wp-json\/wp\/v2\/types\/page"}],"author":[{"embeddable":true,"href":"https:\/\/spprzyjma.edu.pl\/index.php\/wp-json\/wp\/v2\/users\/1"}],"replies":[{"embeddable":true,"href":"https:\/\/spprzyjma.edu.pl\/index.php\/wp-json\/wp\/v2\/comments?post=137"}],"version-history":[{"count":25,"href":"https:\/\/spprzyjma.edu.pl\/index.php\/wp-json\/wp\/v2\/pages\/137\/revisions"}],"predecessor-version":[{"id":8517,"href":"https:\/\/spprzyjma.edu.pl\/index.php\/wp-json\/wp\/v2\/pages\/137\/revisions\/8517"}],"wp:attachment":[{"href":"https:\/\/spprzyjma.edu.pl\/index.php\/wp-json\/wp\/v2\/media?parent=137"}],"curies":[{"name":"wp","href":"https:\/\/api.w.org\/{rel}","templated":true}]}}