{"id":1064,"date":"2021-02-23T13:58:19","date_gmt":"2021-02-23T12:58:19","guid":{"rendered":"https:\/\/spprzyjma.edu.pl\/?page_id=1064"},"modified":"2026-01-27T11:18:43","modified_gmt":"2026-01-27T10:18:43","slug":"rekrutacja-przedszkole","status":"publish","type":"page","link":"https:\/\/spprzyjma.edu.pl\/index.php\/rekrutacja-przedszkole\/","title":{"rendered":"Oddzia\u0142y przedszkolne"},"content":{"rendered":"\n<p>Drodzy Rodzice kandydat\u00f3w do oddzia\u0142\u00f3w przedszkolnych w naszej szkole. <br><br>Formularze zg\u0142oszenia mo\u017cna pobra\u0107 poni\u017cej lub odebra\u0107 w sekretariacie szko\u0142y. <br>Wype\u0142nione dokumenty nale\u017cy z\u0142o\u017cy\u0107 w sekretariacie szko\u0142y od <strong>09 do 27 marca 2026 r.<\/strong><\/p>\n\n\n\n<p>Z\u0142o\u017cenie przez rodzic\u00f3w deklaracji o <em><strong>kontynuowaniu wychowania przedszkolnego<\/strong><\/em> w roku szkolnym 2026\/2027 nale\u017cy z\u0142o\u017cy\u0107<strong> <\/strong>u nauczyciela przedszkola <strong>od 02 do 06 marca 2026 r.<\/strong><\/p>\n\n\n\n<div class=\"wp-block-file\"><a id=\"wp-block-file--media-6eae77b5-6ae3-4884-a52a-62d998ae7241\" href=\"https:\/\/spprzyjma.edu.pl\/wp-content\/uploads\/2025\/02\/KRYTERIA-PRZYJEC.pdf\">KRYTERIA-PRZYJEC<\/a><\/div>\n\n\n\n<div class=\"wp-block-file\"><a id=\"wp-block-file--media-43bbb269-9e68-405a-ad37-bd2d8b35f601\" href=\"https:\/\/spprzyjma.edu.pl\/wp-content\/uploads\/2025\/02\/Zgoda-na-wykorzystanie-danych-i-wizerunku-plus-klauzula.pdf\">Zgoda-na-wykorzystanie-danych-i-wizerunku-plus-klauzula<\/a><\/div>\n\n\n\n<div class=\"wp-block-file\"><a id=\"wp-block-file--media-1dbc58cd-6726-425d-929d-8fafabd8b8ee\" href=\"https:\/\/spprzyjma.edu.pl\/wp-content\/uploads\/2025\/02\/Zgoda-Messenger-Facebook.pdf\">Zgoda-Messenger-Facebook<\/a><\/div>\n\n\n\n<div data-wp-interactive=\"\" class=\"wp-block-file\"><object data-wp-bind--hidden=\"!selectors.core.file.hasPdfPreview\" hidden class=\"wp-block-file__embed\" data=\"https:\/\/spprzyjma.edu.pl\/wp-content\/uploads\/2026\/01\/REKRUTACJA-3.pdf\" type=\"application\/pdf\" style=\"width:100%;height:600px\" aria-label=\"Osadzone z REKRUTACJA-3.\"><\/object><a id=\"wp-block-file--media-49eb6062-6fef-4f8e-a0a0-e5b4682b4fb4\" href=\"https:\/\/spprzyjma.edu.pl\/wp-content\/uploads\/2026\/01\/REKRUTACJA-3.pdf\">REKRUTACJA-3<\/a><a href=\"https:\/\/spprzyjma.edu.pl\/wp-content\/uploads\/2026\/01\/REKRUTACJA-3.pdf\" class=\"wp-block-file__button wp-element-button\" download aria-describedby=\"wp-block-file--media-49eb6062-6fef-4f8e-a0a0-e5b4682b4fb4\">Pobierz<\/a><\/div>\n\n\n\n<div class=\"wp-block-file\"><a id=\"wp-block-file--media-c9e326a1-7171-431c-b551-66098a95139c\" href=\"https:\/\/spprzyjma.edu.pl\/wp-content\/uploads\/2025\/02\/Oswiadczenie-osoby-upowaznionej-do-odbioru-dziecka.pdf\">Oswiadczenie-osoby-upowaznionej-do-odbioru-dziecka<\/a><\/div>\n\n\n\n<div class=\"wp-block-file\"><a id=\"wp-block-file--media-556229d6-5f78-459b-b76a-6224210a709b\" href=\"https:\/\/spprzyjma.edu.pl\/wp-content\/uploads\/2025\/02\/Klauzula-informacyjna-wykorzystanie-wizerunku.pdf\">Klauzula-informacyjna-wykorzystanie-wizerunku<\/a><\/div>\n\n\n\n<div class=\"wp-block-file\"><a id=\"wp-block-file--media-f603673a-1b89-4faf-9143-78403d93cf89\" href=\"https:\/\/spprzyjma.edu.pl\/wp-content\/uploads\/2025\/02\/Klauzula-facebook.pdf\">Klauzula-facebook<\/a><\/div>\n\n\n\n<div class=\"wp-block-file\"><a id=\"wp-block-file--media-6e526caf-427d-427f-824b-742d6b3f3743\" href=\"https:\/\/spprzyjma.edu.pl\/wp-content\/uploads\/2025\/02\/Klauzula-do-rekrutacji-dziecka.pdf\">Klauzula-do-rekrutacji-dziecka<\/a><\/div>\n\n\n\n<div class=\"wp-block-file\"><a id=\"wp-block-file--media-9bcdbb68-0392-4c5e-9374-80acbf2a3b25\" href=\"https:\/\/spprzyjma.edu.pl\/wp-content\/uploads\/2025\/02\/informacja-o-zlozeniu-wniosku-1.pdf\">informacja-o-zlozeniu-wniosku-1<\/a><\/div>\n\n\n\n<div class=\"wp-block-file\"><a id=\"wp-block-file--media-89ae04b6-9795-4a75-ac0a-bb53444060fe\" href=\"https:\/\/spprzyjma.edu.pl\/wp-content\/uploads\/2025\/02\/WNIOSEK-O-PRZYJECIE-DZIECKA-nowy-1.pdf\">WNIOSEK-O-PRZYJECIE-DZIECKA-nowy-1<\/a><\/div>\n","protected":false},"excerpt":{"rendered":"<p>Drodzy Rodzice kandydat\u00f3w do oddzia\u0142\u00f3w przedszkolnych w naszej szkole. Formularze zg\u0142oszenia mo\u017cna pobra\u0107 poni\u017cej lub odebra\u0107 w sekretariacie szko\u0142y. Wype\u0142nione dokumenty nale\u017cy z\u0142o\u017cy\u0107 w sekretariacie&hellip;<\/p>\n","protected":false},"author":1,"featured_media":0,"parent":0,"menu_order":0,"comment_status":"closed","ping_status":"closed","template":"","meta":{"footnotes":""},"_links":{"self":[{"href":"https:\/\/spprzyjma.edu.pl\/index.php\/wp-json\/wp\/v2\/pages\/1064"}],"collection":[{"href":"https:\/\/spprzyjma.edu.pl\/index.php\/wp-json\/wp\/v2\/pages"}],"about":[{"href":"https:\/\/spprzyjma.edu.pl\/index.php\/wp-json\/wp\/v2\/types\/page"}],"author":[{"embeddable":true,"href":"https:\/\/spprzyjma.edu.pl\/index.php\/wp-json\/wp\/v2\/users\/1"}],"replies":[{"embeddable":true,"href":"https:\/\/spprzyjma.edu.pl\/index.php\/wp-json\/wp\/v2\/comments?post=1064"}],"version-history":[{"count":33,"href":"https:\/\/spprzyjma.edu.pl\/index.php\/wp-json\/wp\/v2\/pages\/1064\/revisions"}],"predecessor-version":[{"id":9012,"href":"https:\/\/spprzyjma.edu.pl\/index.php\/wp-json\/wp\/v2\/pages\/1064\/revisions\/9012"}],"wp:attachment":[{"href":"https:\/\/spprzyjma.edu.pl\/index.php\/wp-json\/wp\/v2\/media?parent=1064"}],"curies":[{"name":"wp","href":"https:\/\/api.w.org\/{rel}","templated":true}]}}